5
Calculate (37 + -23 - (-29 - -7)) + 11.
47
Calculate (-226 - -224) + (-26 - 9).
-37
What is the value of -3584 + 3639 - (2 - 65)?
118
What is -1 - ((5 - 4) + 3) - (249 + -297)?
43
78 - ((-49 - -151) + 41)
-65
What is -14 + (-31 - -32) + 62 - -29?
78
(-195 + 191 - (2 + -7)) + (8 - 6)
3
What is the value of -9 + 4 - 1 - (-55 - -26 - -18)?
5
Calculate 78 - (-6 + -12 + 17 + 1 - 4).
82
Evaluate (-128 - (-34 - -24)) + 91.
-27
What is the value of -21 + (-47 + 12 - -3 - -127)?
74
What is the value of 28 + (29 - 96) + -16 + -40?
-95
37 + -78 + (-18 - -80)
21
(5 + 30 - 116) + 6
-75
What is the value of -2 - -14 - ((50 - 127) + 85)?
4
Evaluate -8 + (-35 - -24 - (2 + -3 + -4)).
-14
Calculate 19 + (-22 - -37 - 91) + (-5 - 1).
-63
-36 + -1 + 0 + 7 + 22 + -21
-29
Evaluate (-9 - (-1 + 4 + 9) - -17) + (-43 - 0).
-47
Evaluate (-54 - (11 + (-35 - -12) + 5)) + (8 - 1).
-40
Evaluate 7 + (22 - (-1 + 10)) + (-5 - 6).
9
What is the value of 51 + (-31 - -2) - (2 + -3)?
23
What is the value of -72 + 93 + -23 + -53?
-55
Evaluate -11 - -10 - -26 - 17 - 1 - 0.
7
What is 86 + -57 - 99 - -141?
71
Calculate -5 - ((-20 - (8 + -29)) + (-4 - 2)).
0
82 + -65 - (-2 + -11)
30
Evaluate 0 - 5 - (-19 - (-14 - -25 - 27)).
-2
(-26 - -1) + -19442 + 19517
50
What is the value of -8 + 5 + 0 - (-8 + 8) - -38?
35
Calculate (-15 + 15 - 53 - -19) + 81.
47
What is 152 + (12 + (21 - 22) + -19 - (-2 - -5))?
141
Calculate -83 + 60 + (4 - 6 - -15).
-10
What is (-1 - 41) + -16 + -13 + 12 + 6 + 20?
-33
Calculate (6 - -25) + -21 + (11 + -7 - -6).
20
What is the value of 2 + -1 - (37 - 106 - -61)?
9
What is (-41 + 10 - -45) + 39 + 0 + 1?
54
11 - (25 + -38 - -78)
-54
-5 + 1 + 28 + -6 + -139 + 193
72
Evaluate -23 + 3 + -53 + -2 - -27.
-48
What is the value of (98 - 90) + (34 - -4)?
46
What is -6 + 0 + (29 - 24 - 22) - 12?
-35
What is -19 + -74 + 1 + 7?
-85
32 + (-72 + 41 - -2) + 64 + -4 + 2
65
-42 + 4 + (5 + -18 - -14)
-37
What is -20 - ((23 - (-25 + 36)) + 2 + -94)?
60
2 - (34 - (-2 + 19) - 6)
-9
(46 - 0) + (-697 - -685)
34
Evaluate -12 + -69 + (-3 - 6 - -25) + 1.
-64
What is the value of (0 - 46) + -57 + 95 - 32?
-40
8 - (8 + -5 + 7 + 4 + (-1 - 8))
3
What is 53 + -16 + (244 - 224 - (2 - -2))?
53
Calculate 1 + -47 + 2 - (-29 + (-21 - -33)).
-27
What is 3 - (-5415 + 5431 - (-4 - -2 - -2 - -54))?
41
Evaluate 4 - (-27 + 54 - 23).
0
Calculate -13 + (-2 - -13) + -4 + (-5 - -62) - 3.
48
Calculate (-671 - -600) + (-1 - -32).
-40
Calculate (-7801 - -7843) + (-1 - 65).
-24
What is -473 + 486 + 15 + -1?
27
What is 6 - (1 - -1 - 39 - (-1199 + 1212))?
56
What is -441 + 484 + -17 + -1?
25
What is 0 - (8 + -1 + (-22 - (-21 + 17) - -98))?
-87
12 - (-9 - -3 - -12) - -35 - 12
29
Evaluate 3052 + -3182 + (71 - 0).
-59
326 + -376 + (5 - 6)
-51
Evaluate (-1 + -14 + (84 - 59) - 42) + 0.
-32
(-5 - (5 + -5)) + -13 + -13 + 24 + -30
-37
Calculate 53 + (-38 - -16) + (-26 - 2).
3
Evaluate -43 - -1 - (108 - 163).
13
Evaluate -34 - -42 - (-11 - -1) - (45 + 58).
-85
What is the value of -50 - (-20 - (18 + 4)) - (-2 + (-2 - 59))?
55
What is (155 - 132) + 24 + -1?
46
Calculate 11 + (-55 - 15) + 0 + 2 + -6.
-63
Calculate -7 + 7 - (0 + (1 - 0) - (627 - 614)).
12
Calculate -18 - (50 - (203 + 22)) - 13.
144
Evaluate (-25 - (26 - 54)) + (16 - 0).
19
What is (24 - -165 - (84 + -13)) + (0 + -13 - -2)?
107
What is (-11 - 29 - -22) + 44?
26
Evaluate 7 - (5 - -4) - -67 - (12 - (-7 + 16)).
62
Evaluate -12 + -3 - (-58 - -42 - 14).
15
What is the value of -7 + 9 + -9 + 6 + 1 + -6 + 2?
-4
Evaluate 13 + -533 + 526 + (0 - -69).
75
Calculate -150 - (12 - 141) - (-16 - 2).
-3
Evaluate 26 + -43 + -44 - -40 - -45.
24
What is the value of (-274 - -263) + (27 - (-2 - 4))?
22
Calculate -1241 - -1255 - (1 + 12).
1
Calculate 0 + -6 - -10 - (33 + 5 + -2).
-32
-54 - (((4 - (-4 + -1)) + -5 - 18) + 5)
-45
37 + -39 + -55 + 62
5
Evaluate -47 + 1 + -10 + (-17 - (18 + 5 - 42)).
-54
Calculate 9 + -35 + (-104 - -216).
86
What is the value of (-722 + 711 - (-2 + -4)) + 12?
7
What is the value of (-138 - -102) + (-6 - -11) + -6?
-37
What is -37 - (25 - 23) - -164 - 4?
121
Evaluate (-12 - -9) + -16 - (-179 - -197).
-37
What is the value of (15 - (-31 + (-1 - -12))) + -84?
-49
Calculate (-2 - -13 - (83 + -85)) + 3 + 23.
39
93 - ((-47 - -44 - 12) + 42)
66
What is the value of -25 - (138 - 176) - 112?
-99
What is the value of 52 + 85 + -65 + -28?
44
Evaluate 2 - -7 - (-6 + 3 + 2 + 66) - 0.
-56
What is the value of (125 - 56) + -82 + 39?
26
-11 + (-60 - 15 - -67)
-19
What is the value of -17 + (19 - -18) - 15 - (-1 - 38)?
44
What is the value of (-97 - (-154 - -113)) + 40?
-16
What is the value of (24 + 2 + -19 - 49) + 161?
119
Evaluate (71 - (0 - 0) - (-29 + 45 + -22)) + -10.
67
What is 3 + 0 + -27 - (-963 - -959)?
-20
Calculate -5 + -25 + 2 - (2846 + -2890).
16
What is 3 + -115 + -1573 + 1650?
-35
What is -7 - (-10 + (-11 + -3 - -10))?
7
Calculate -49 - (43 - (78 + -4)).
-18
What is the value of 43 - (-181 - -218) - (0 - -61)?
-55
What is the value of -78 + 1 + (-18 - (20 + (-19 - 33)))?
-63
Calculate (29 + -36 - (4 + -4 + -77 + -10)) + -1.
79
Evaluate 24 - (-45 - -107) - (-4 - 3).
-31
(13 - -1) + -8 - -41
47
What is 18 + (-9 - (-6 + 5)) - (264 + -150)?
-104
Evaluate -17 - (-58 - -49 - (-5 + -1) - 86).
72
What is the value of 30 - ((243 - 87) + -77)?
-49
0 - -16 - ((30 - -2) + (-536 - -591))
-71
0 + -2 + 2 - (-91 + -52 + 282)
-139
What is 2 + -1 + 8 + (-46 - (-27 + (24 - -27)))?
-61
Evaluate 41 - (25 + 1 + -30 + -3).
48
What is the value of (12 - 2) + (16 - 20 - (-7 - -6)) + 11?
18
Calculate -156 + 152 + (-11 - -21) + 8 + -2.
12
What is the value of 6 + -20 - -5 - ((13 - -10) + 0 + -7)?
-25
What is 10 + (11 - (-9 - (-21 - 11))) + 12 + -5?
5
Calculate -163 - (-149 + 21 - -45).
-80
Calculate -5 + (-7 + -13 + -1 - -30).
4
What is -1 + 6 + 2232 + -2212?
25
What is (32 + 198 - 186) + (0 - 0 - 15)?
29
Calculate 112 - 78 - (66 + -3).
-29
What is the value of 18 + -6 - (1 - -19 - (-426 - -424))?
-10
Evaluate (-38 + 29 - (-1 - 3)) + (57 - 1).
51
-20 + 6 - ((6 - 9) + 1) - (-8 + 1)
-5
What is the value of -2 - (4 + (-6 - 2)) - (1415 + -1360)?
-53
Evaluate -17 - 83 - ((-62 - -65) + 20).
-123
Calculate 24 - (-112 - -204) - -23.
-45
Evaluate -45 + 7 - (-4 + (6 - (-2 - -8)) + 15).
-49
-20 + 0 + -246 + 47 + 177
-42
(-63 - -73) + (75 - 2) - (1 - -7) - 5
70
Evaluate -6 - ((-4 + -4 + -12 - -32) + -27).
9
Calculate 316 + -269 + (-114 - 5).
-72
(-572 - -575) + (-2 - -26)
27
What is 13 + (5 - 1) + -15 + -31 - 5?
-34
What is 19 + -2 + 1 + (7 - -4) + 1 + -4?
26
(84 - 53) + -4 + -3 + 7
31
Calculate (0 - 26 - (1077 - 1104)) + (73 - 2).
72
What is -3 - (-4 + 2 + -7 + -5) - 53?
-42
What is -54 - (-40 - (69 + 24))?
79
What is 47 + 27 - 38 - (7 + 11 - 8)?
26
What is 70 + (5 + 6 + 0 + -30 - -16)?
67
Evaluate -10 + (-112 - 33) + 172.
17
What is 64 + -108 - (16 - 70)?
10
What is 26 + -79 - (-52 + 2)?
-3
What is (-9 - (63 - -21)) + -3 + 15 + 2?
-79
-53 + 36 + -18 + -14
-49
-18 + (-9 - 0) + (-64 - -96)
5
What is the value of 7 + -4 - (77 - 123)?
49
What is 56 + -76 + -7 + -25?
-52
What is 292 - 305 - (31 + 3 + -4)?
-43
What is 61 + 57 + -87 + 2 + -3 + (-1 - 0)?
29
Calculate 40 + (81 - 85) + 2 + 10.
48
What is 13 - ((73 + -21 - 26) + 2 + -10)?
-5
6 + (-2 - (-14 + -13)) + -2 - -9
38
What is -51 + -57 + 113 - -51?
56
177 + -184 - (-12 + (1 - -4)) - 13
-13
What is -2 + -4 + 166 + 28 + -44?
144
Evaluate 24 - (-4 - -10 - (35 + -40)).
13
What is the value of (15 - (-24 + (-17 - (-66 + 15)))) + 11?
16
Evaluate (-33 - (77 + -117)) + -32.
-25
1 - (3 + -7) - (40 - 26)
-9
Evaluate -28 - -51 - 49 - (0 - -9).
-35
What is the value of (37 - 47) + -114 - -93?
-31
Calculate 61 + -81 - -8 - 9.
-21
Evaluate -109 + -55 + 37 + 117.
-10
What is 23 + (-18 - -25) - (2 + -6 + 17)?
17
-17 + 16 + (17 - -54) + (11 + -2 - -2)
81
What is (37 - 30) + (3 + -2 - 120 - (-119 - -108))?
-101
Evaluate -3 + 0 - ((-6 - 1) + 10 - 16 - 26).
36
Evaluate (14 - 4 - 24) + (53 - (8 + -2)).
33
Calculate 1 - -26 - (22 + -20 + 2).
23
What is the value of ((6 - 1) + -15 - (-6 - (-4 + 37))) + 10?
39
-18 - (0 - (-164 + 148 - (-1 - 84)))
51
What is 0 + 1 + 2 - (-146 - -18 - -128) - -39?
42
(0 - (-2 - 0) - -6) + (-141 - (-278 + 57))
88
What is -9 + -20 - (-232 + 230)?
-27
What is the value of 1 + (1 - ((-2 - 16) + 4) - (92 - 78))?
2
What is the value of